 + 18*t**2 - 2. Calculate the remainder when w(-2) is divided by i.
16
Suppose 11*m - 105 = -5*y + 13*m, -3*m = 3*y - 42. What is the remainder when 68 is divided by y?
11
Let b(l) be the first derivative of 5*l**2/2 - 3*l - 38. Let s be ((-1)/(-2))/((-1)/(-10)). What is the remainder when b(s) is divided by 12?
10
Let k = -558 - -569. Calculate the remainder when 26 is divided by k.
4
Suppose -9*b + 462 = 5*b. Calculate the remainder when 156 is divided by b.
24
Let s(a) = -a**2 + 8*a + 17. Suppose 5*l + 9 = 2*l, -4*l = -3*z + 102. What is the remainder when z is divided by s(9)?
6
Suppose -8 = 6*c - 2. Suppose -4*n + 24 = 2*l - 8, 2*l - 60 = 3*n. What is the remainder when l is divided by 35/(-20)*4/c?
3
Suppose 0 = -6*u + 84 - 42. What is the remainder when 46 is divided by u?
4
Suppose 853 = 23*y + 324. Suppose 2*j + 5*c - 41 = -0*j, 5*c - 74 = -3*j. What is the remainder when j is divided by y?
10
Let r be (-21)/(-14) + (-50)/4. Let c(g) = -g**3 - 11*g**2 - g - 16. Let k be c(r). Let h(l) = -8*l - 5. What is the remainder when h(k) is divided by 12?
11
What is the remainder when (4 + 0 + 9/(-2))*-100 is divided by 30?
20
Let r(g) = -20*g - 109*g**3 + 11*g**2 - 111*g**3 + 15 + 219*g**3. Calculate the remainder when r(8) is divided by 10.
7
Suppose 2*x - 4*x + 122 = 0. Let o = 7 + 0. Suppose -s = -x + o. Calculate the remainder when s is divided by 28.
26
Let q = 2822 + -2685. Calculate the remainder when q is divided by 53.
31
Let o = -7985 + 8066. Suppose 0 = -4*d + 2*d + 42. Calculate the remainder when o is divided by d.
18
Let r(p) = 131*p - 222. Suppose -4*g + 103 - 7 = 0. Calculate the remainder when r(2) is divided by g.
16
Suppose -6*v - 12 = -10*v. Suppose -w + v + 4 = 0. Calculate the remainder when 25 is divided by w.
4
Let s(o) = o**2 - 9*o + 12. Calculate the remainder when s(-5) is divided by 22.
16
Suppose -n = -0*n - 2*t - 10, 0 = -2*t + 8. What is the remainder when 159 is divided by n?
15
Let f(n) = -23*n**3 + 3*n**2 + 5*n + 3. What is the remainder when 3/(4 + 185/(-47)) is divided by f(-1)?
23
Let w(q) = -q**3 - q**2 + q + 17. Let z(k) = -2*k**3 + 12*k**2 + 539*k - 3229. Calculate the remainder when w(0) is divided by z(6).
2
Let a(f) = f**3 - 6*f**2 + 7*f - 13. What is the remainder when a(6) is divided by ((-24)/(-64))/((-3)/(-4))*14?
1
Suppose -5*l + 26 = 1. Let m be (1/(-2) + 1)*6. Suppose 30 = v - l*n, 4*n + 9 + m = 0. What is the remainder when 57 is divided by v?
12
Let v(x) = -x + 8. Let z be 3/6 + (-11)/(-2). What is the remainder when v(z) is divided by ((-24)/20 + 1)/((-4)/140*7)?
0
Let o be 14*(6/4 + -2). Let a(b) = -b**2 - 8*b + 3. Let s = 784 + -755. What is the remainder when s is divided by a(o)?
9
Let b = -1059 - -1110. What is the remainder when 143 is divided by b?
41
Let v = 48 + 430. Calculate the remainder when v is divided by 24.
22
Suppose 8*l = l + 952. What is the remainder when l is divided by 35?
31
Suppose 336 = 10*y - 94. What is the remainder when y is divided by 22?
21
Suppose d - 27 = 12. Let i(q) = q**3 - 4*q**2 - 7*q - 2. Let t be i(6). What is the remainder when d is divided by 364/t - (-2 + 1)?
11
Let i = 55 - 31. Let t = i + -9. Suppose -3*a = 3*q - 30, q = -3*a + 2*q + 14. What is the remainder when t is divided by a?
3
Let z = -55 + 61. Calculate the remainder when 33 is divided by z.
3
Suppose 2*s + 3*u = 5*s - 39, -5*s = -u - 49. Suppose -10*b + s*b - 3 = 0. Calculate the remainder when 33 is divided by b - ((-6)/(-3) + -10).
3
Let k(u) = -u**2 - 31*u - 4. Let y be k(-24). Suppose 5*x + s = y, -2*x + 67 = -0*s - s. What is the remainder when x is divided by 9?
6
Let l(r) = 2*r**3 - 2*r**2 + 9*r - 28. Calculate the remainder when l(3) is divided by 8.
3
Let l(w) = -12*w - 497. What is the remainder when 1718 is divided by l(-45)?
41
Let x(s) = -13*s + 4. Let p(a) = -a + 1. Let d(u) = 5*p(u) - x(u). Let o be d(1). Suppose -w - 1 + o = 0. Calculate the remainder when 30 is divided by w.
6
Let m(a) = a - 6. Let l be m(9). Suppose -318 + 102 = -l*w. Calculate the remainder when w is divided by 25.
22
Suppose -284 = -3*b - 5*v, b - 116 = -5*v - 28. Suppose 0 = -5*a - b + 293. What is the remainder when 76 is divided by a?
37
Suppose 5*o + 3*i = 4*i + 8, 2*i = o + 2. Let w = -2 + 5. Suppose u + w*n - 11 = 0, 0*n = 2*u - 3*n + 5. What is the remainder when o is divided by u?
0
Let w = 37 - 33. Suppose -3*q = -2*l + 188, 0*q - 280 = -3*l + w*q. What is the remainder when l is divided by 23?
19
Suppose 0*n + 1 = -2*x - n, -2*x = 5*n + 5. Let d(m) = m**3 + 8. Calculate the remainder when 14 is divided by d(x).
6
Let z(h) = -26*h - 357. Calculate the remainder when 126 is divided by z(-14).
0
Suppose 0 = 4*y - y + 12, 2*m + 5*y + 4 = 0. Suppose m*l = 10*l - 12. Calculate the remainder when l is divided by 4.
2
Let k(p) = 19*p + 2. Suppose -850 = -5*w - 750. Calculate the remainder when k(5) is divided by w.
17
Let w(n) = 7*n**3 - 6*n**2 + 5*n + 3. Suppose -2*l + 3 = -61. Let u = l - 16. Calculate the remainder when w(2) is divided by u.
13
Suppose 5*h = 25, -a + 5*h = -5 + 7. Let b = -17 + 106. What is the remainder when b is divided by a?
20
Suppose -27*z - 219 = -30*z. What is the remainder when 131 is divided by z?
58
Let h = 0 - -4. Suppose -h*f + 0 = -32. Suppose 81 = 2*j + 37. Calculate the remainder when j is divided by f.
6
Suppose 5*q = 5*l + 375, 6*l - 3*l + 12 = 0. What is the remainder when 215 is divided by q?
2
Let d(w) = -w**3 + 4*w**2 + 11*w - 4. Let a be d(5). Let c = a + -20. Calculate the remainder when 27 is divided by c.
3
Let w(q) = -q**2 + 5*q + 3. Let h be w(5). Suppose -k = 2*s - 68, s + 1 = h*k + 35. Calculate the remainder when s is divided by 7.
6
Calculate the remainder when (2 + (-20)/8)/((-2)/2280) is divided by 82.
78
Let p(w) = -2*w - 5. Let l(j) = -4*j - 11. Let f(o) = 6*l(o) - 13*p(o). Let t be f(-1). Let r = t + 10. What is the remainder when r is divided by 2?
1
Let q(h) = h**3 + 4*h**2 - 4. Let f be q(-4). Let v(s) = 12*s - 1. What is the remainder when v(1) is divided by 0 - (f - (1 + 2))?
4
Let a(l) = 4*l - 24. Let w be a(7). Suppose w*y = -2*t - 2*t + 272, -4*t = y - 284. Calculate the remainder when t is divided by 15.
12
Let o(k) = -k**2 - 16*k - 4. Suppose -4*x + 258 = -2*x. What is the remainder when x is divided by o(-4)?
41
Let c be 5 - 0*2/(-12). Suppose c*u = u + 808. What is the remainder when u is divided by 29?
28
Calculate the remainder when (3 - 49/14)*-436 is divided by 22.
20
Let c(w) = -19*w**3 + w**2 - w - 2. Suppose 0 = 4*a + 20, 0*o + 4*a - 28 = -4*o. What is the remainder when c(-1) is divided by o?
7
What is the remainder when 210 is divided by 5/(10/(-8)) + 61 + -4?
51
Calculate the remainder when 65 is divided by 4*-5*((-1463)/55)/19.
9
Let g(v) = -3*v + 3. What is the remainder when 66 is divided by g(-7)?
18
Suppose 3*a = 57 + 186. What is the remainder when a is divided by 14?
11
Suppose -3*x - 72 + 255 = 0. What is the remainder when x is divided by 55?
6
Let m = 245 + -97. Suppose m = g + g. Calculate the remainder when g is divided by 22 - ((-3)/(-3) - 4).
24
Suppose -8*n - 180 = -17*n. Let a = 194 + -117. Calculate the remainder when a is divided by n.
17
Suppose 0 = 1126*s - 1143*s + 2193. Suppose -7*v + 2*v + 20 = 0. Suppose v*p = 3*c + 135, -5*p - 4*c + 62 = -3*p. What is the remainder when s is divided by p?
30
Let d = 2 - 7. Let f = d + 22. What is the remainder when f is divided by 8?
1
Let y = 1110 - 1090. Calculate the remainder when y is divided by 10.
0
Suppose 2*j = -4*z + 4, -4*j = j. Suppose y = 2 + z. Suppose 0 = 3*w + y - 12. Calculate the remainder when w is divided by 3.
0
Let d(i) = 7*i**3 + 2*i**2 - 7*i + 2. What is the remainder when d(2) is divided by 16?
4
Suppose -k + 120 = q, 4*k = -3*q + 2*q + 477. What is the remainder when k is divided by 31?
26
Suppose 624*v - 635*v = -957. Calculate the remainder when v is divided by 45.
42
Let s be (-5 - -2)*1 + (-3 - -6). Suppose s = -2*t + 6*t - 56. What is the remainder when t is divided by 4?
2
Let a be 5*2/(-10)*18. Calculate the remainder when (-1)/9 - 920/a is divided by 18.
15
Let x(w) = -w**2 - 9*w + 4. Suppose 7*q + 32 = 3*q. Calculate the remainder when x(q) is divided by 2/(-12) - 155/(-30).
2
Let q = 1 - -1. Suppose -c = -q*c + 25. Calculat